
Does 10 divide 543600?
True
Does 128 divide 2630528?
True
Is 3180366 a multiple of 42?
True
Is 33971 a multiple of 8?
False
Does 11 divide 8281801?
True
Is 125 a factor of 25718?
False
Does 50 divide 715200?
True
Is 20 a factor of 781243?
False
Does 298 divide 4930692?
False
Does 14 divide 25413696?
True
Is 38528 a multiple of 2?
True
Is 144 a factor of 25357392?
True
Is 30 a factor of 74608?
False
Does 65 divide 89949?
False
Is 3186630 a multiple of 10?
True
Is 7 a factor of 19677?
True
Does 2 divide 44609?
False
Does 61 divide 1316551?
False
Is 1684309 a multiple of 187?
True
Is 3368661 a multiple of 30?
False
Does 20 divide 15428?
False
Does 28 divide 80500?
True
Does 573 divide 20261853?
True
Does 15 divide 3296535?
True
Is 14 a factor of 256742?
False
Is 8502165 a multiple of 81?
True
Is 270 a factor of 8910452?
False
Does 10 divide 1639912?
False
Is 300555 a multiple of 15?
True
Does 291 divide 3891252?
True
Is 24 a factor of 165377?
False
Is 482 a factor of 1284530?
True
Is 13 a factor of 1253082?
False
Does 23 divide 163829?
True
Is 1636 a factor of 11335844?
True
Does 344 divide 9506440?
True
Is 38 a factor of 103670?
False
Is 23 a factor of 92790?
False
Is 24 a factor of 211080?
True
Does 25 divide 499632?
False
Does 57 divide 2134218?
False
Is 1382800 a multiple of 66?
False
Is 224181 a multiple of 211?
False
Does 89 divide 1561683?
True
Does 2 divide 71731?
False
Does 54 divide 276912?
True
Does 2 divide 117779?
False
Does 7 divide 392658?
True
Is 81420 a multiple of 178?
False
Is 561 a multiple of 2?
False
Does 126 divide 375741?
False
Is 5 a factor of 269335?
True
Is 13 a factor of 742560?
True
Is 3 a factor of 884591?
False
Does 86 divide 3312978?
True
Does 3 divide 200783?
False
Does 11 divide 48114?
True
Is 126 a factor of 733586?
False
Does 599 divide 5070802?
False
Is 43 a factor of 4907205?
False
Is 146781 a multiple of 347?
True
Does 24 divide 1121304?
True
Does 105 divide 153300?
True
Is 367214 a multiple of 115?
False
Does 1657 divide 3600252?
False
Does 3 divide 51348?
True
Does 255 divide 755790?
False
Is 100 a factor of 1129100?
True
Is 93 a factor of 14918781?
True
Does 1239 divide 3755234?
False
Does 95 divide 11621?
False
Is 3387069 a multiple of 27?
True
Does 3 divide 271644?
True
Does 465 divide 30141?
False
Is 1350003 a multiple of 106?
False
Does 205 divide 1935200?
True
Is 603096 a multiple of 5?
False
Is 11203449 a multiple of 34?
False
Does 16 divide 9361?
False
Is 46 a factor of 814358?
False
Does 67 divide 82477?
True
Is 52 a factor of 232388?
True
Does 1684 divide 2340760?
True
Does 29 divide 311847?
False
Is 45 a factor of 3767166?
False
Is 34 a factor of 3466555?
False
Does 60 divide 76560?
True
Is 595760 a multiple of 20?
True
Is 18 a factor of 141912?
True
Is 281299 a multiple of 42?
False
Does 5 divide 75903?
False
Does 8 divide 299688?
True
Is 11976 a multiple of 28?
False
Is 19 a factor of 750310?
True
Is 88290 a multiple of 45?
True
Does 70 divide 42429?
False
Does 18 divide 2606792?
False
Is 522 a factor of 247778?
False
Does 7 divide 208096?
True
Is 1253153 a multiple of 37?
True
Is 502 a factor of 9358811?
False
Is 3049503 a multiple of 18?
False
Is 1199 a factor of 12636849?
False
Is 23 a factor of 46559?
False
Does 900 divide 2203024?
False
Is 62 a factor of 521826?
False
Is 13 a factor of 677837?
False
Is 279 a factor of 3153131?
False
Is 303 a factor of 223958?
False
Does 16 divide 5597360?
True
Does 71 divide 1088318?
False
Does 123 divide 3951498?
True
Does 47 divide 564140?
False
Is 67122 a multiple of 226?
True
Is 989 a factor of 2595932?
False
Does 19 divide 82137?
True
Is 2221609 a multiple of 73?
True
Does 95 divide 6840?
True
Is 1972 a factor of 534412?
True
Does 22 divide 32364?
False
Is 801636 a multiple of 44?
True
Is 135 a factor of 4729491?
False
Is 316 a factor of 9614300?
True
Does 5 divide 214555?
True
Is 14028 a multiple of 3?
True
Is 10 a factor of 24758?
False
Is 31967182 a multiple of 13?
True
Is 264278 a multiple of 86?
True
Is 4884445 a multiple of 7?
False
Is 9 a factor of 2565705?
False
Does 111 divide 116772?
True
Is 75 a factor of 232924?
False
Is 477841 a multiple of 623?
True
Is 780637 a multiple of 13?
True
Is 601 a factor of 4029705?
True
Is 30 a factor of 280200?
True
Is 2552355 a multiple of 50?
False
Is 2603949 a multiple of 11?
False
Does 33 divide 18553738?
False
Does 178 divide 86330?
True
Is 3 a factor of 460409?
False
Is 87 a factor of 1707899?
False
Does 6 divide 38796?
True
Is 24864 a multiple of 314?
False
Is 387008 a multiple of 27?
False
Is 124313 a multiple of 4?
False
Is 16 a factor of 2416659?
False
Is 38 a factor of 146808?
False
Is 128 a factor of 16183296?
True
Is 2128474 a multiple of 41?
True
Does 117 divide 160755?
False
Is 1104253 a multiple of 1725?
False
Is 55 a factor of 2236018?
False
Is 348740 a multiple of 5?
True
Is 74 a factor of 52614?
True
Does 112 divide 299807?
False
Does 100 divide 302500?
True
Does 11 divide 13020194?
True
Is 1095241 a multiple of 93?
False
Does 9 divide 1071306?
True
Is 1679553 a multiple of 326?
False
Does 67 divide 192424?
True
Is 4 a factor of 18029?
False
Is 155 a factor of 14761210?
False
Is 12 a factor of 7687546?
False
Is 556848 a multiple of 36?
True
Is 86 a factor of 610113?
False
Is 140 a factor of 846720?
True
Does 92 divide 2090608?
True
Is 18 a factor of 107928?
True
Is 3 a factor of 33222?
True
Is 9 a factor of 3132498?
False
Is 23 a factor of 79359?
False
Is 2 a factor of 43439?
False
Is 404 a factor of 415716?
True
Does 89 divide 648810?
True
Is 14 a factor of 2037602?
True
Does 19 divide 111720?
True
Is 22 a factor of 90027?
False
Does 20 divide 125098?
False
Is 83 a factor of 965622?
True
Is 78 a factor of 126360?
True
Is 1078603 a multiple of 202?
False
Is 23240 a multiple of 5?
True
Is 11163 a multiple of 61?
True
Is 410507 a multiple of 14?
False
Is 67 a factor of 1379597?
True
Is 113660 a multiple of 14?
False
Is 5 a factor of 380859?
False
Is 14 a factor of 655256?
True
Is 288 a factor of 8696644?
False
Does 17 divide 473499?
False
Is 14 a factor of 5281304?
True
Is 41 a factor of 18392?
False
Does 5 divide 166646?
False
Is 2282120 a multiple of 967?
True
Is 226 a factor of 5724665?
False
Is 3494407 a multiple of 79?
True
Does 112 divide 5088263?
False
Does 21 divide 2167242?
True
Does 85 divide 655265?
True
Does 16 divide 29008?
True
Is 113 a factor of 185078?
False
Is 28 a factor of 73959?
False
Is 15 a factor of 1126721?
False
Does 124 divide 190021?
False
Does 2054 divide 20788534?
True
Does 235 divide 5834863?
False
Is 19947995 a multiple of 58?
False
Is 298 a factor of 257472?
True
Is 23 a factor of 8004602?
False
Is 175641 a multiple of 104?
False
Does 336 divide 3146976?
True
Is 30 a factor of 106574?
False
Is 30 a factor of 186480?
True
Is 5 a factor of 2069?
False
Is 9 a factor of 70686?
True
Is 2286528 a multiple of 96?
True
Is 4 a factor of 6128?
True
Is 71 a factor of 424864?
True
Does 4 divide 307188?
True
Is 214889 a multiple of 47?
False
Is 2776571 a multiple of 103?
True
Does 35 divide 86310?
True
Is 10 a factor of 15150?
True
Is 19832 even?
True
Is 14 a factor of 623282?
False
Is 10 a factor of 16361?
False
Does 21 divide 159763?
False
Does 22 divide 103136?
True
Does 6 divide 78222?
True
Does 912 divide 1747392?
True
Does 34 divide 310862?
True
Is 52192 a multiple of 55?
False
Does 32 divide 640?
True
Is 1439394 a multiple of 33?
True
Is 305 a factor of 97135?
False
Does 2 divide 83856?
True
Is 24 a factor of 115927?
False
Does 179 divide 355812?
False
Is 168730 a multiple of 470?
True
Does 1412 divide 327531?
False
Does 10 divide 314596?
False
Does 121 divide 28121?
False
Does 12 divide 5892?
True
Is 5 a factor of 127902?
False
Is 4949970 a multiple of 441?
False
Is 13 a factor of 213467?
False
Is 67 a factor of 215692?
False
Is 61 a factor of 2079490?
True
Is 2 a factor of 4989?
False
Is 71204 a multiple of 117?
False
Is 185 a factor of 45405?
False
Is 306 a factor of 126684?
True
Does 35 divide 1069547?
False
Does 16 divide 1639012?
False
Is 73 a factor of 3009469?
False
Does 50 divide 264150?
True
Is 16450 a multiple of 47?
True
Does 67 divide 130026?
False
Is 23 a factor of 7162641?
False
Is 1010628 a multiple of 804?
True
Is 65824 a multiple of 32?
True
